of t and 130.
10
Suppose -1164 = -277*t + 2714. Suppose 0 = n - 30 - 33. What is the greatest common divisor of t and n?
7
Suppose -5*w = -5*p + 340, 209*w = -p + 214*w + 80. What is the highest common factor of p and 55?
5
Let u = 337 - 223. Let i be -4 - (-6 - 0/(4/2)). Calculate the greatest common factor of i and u.
2
Suppose -2*r - 4*z + 60 = 0, -r + 45 = z - 2*z. Let q be 13/1 - ((-1 - -7) + -13). Calculate the greatest common factor of r and q.
20
Suppose 101*q + 129702 + 50894 = 153*q. Calculate the greatest common factor of 92 and q.
23
Let p be (-52*(1 - -3))/((-20)/390). Calculate the greatest common divisor of 78 and p.
78
Suppose -72*m + h - 291 = -74*m, 0 = -2*m + 5*h + 261. Calculate the greatest common factor of m and 143.
143
Suppose 2*b - 1856 = -3*b + 2*l, -2*l = 4*b - 1474. Let s = -122 + b. Calculate the highest common divisor of 93 and s.
31
Suppose -93*d - 728 = -5471. Let g(c) = c**2 - c. Let o be g(-2). What is the highest common factor of d and o?
3
Suppose 3*d = -2*i + 191, 0 = -4*d - 5*i + 197 + 53. Let p be d/10*6 + 7. Suppose 4*v = -0*v + 92. Calculate the greatest common divisor of p and v.
23
Let u be 124*((-30)/(-12) + -3)*2/(-2). Calculate the greatest common divisor of 899 and u.
31
Let q = -442 - -610. What is the greatest common divisor of 1218 and q?
42
Suppose -4*z - 6 = 2*j, 2*z + 2*j = -z - 6. Suppose z*i + 15 = i. Let t be (315/(-2))/(-9)*(19 + -13). Calculate the greatest common factor of i and t.
15
Suppose -3*w - 63 = 5*s, -2*s + 58 = -3*w - w. Let h be w/(-24) + (-178)/(-3). Suppose 0 = 3*g - 2*g - h. What is the highest common divisor of 40 and g?
20
Let h(a) = -a**3 - 2 + 11*a**2 + 5 - 16*a - 2*a**2 - 2*a. Let l be h(6). Suppose 3*m = 9, -m + 0*m + 66 = l*s. Calculate the greatest common factor of 21 and s.
21
Suppose 0 = 2*t - 3*t + r + 290, -4*t - 5*r + 1160 = 0. Let n = t + 117. Calculate the greatest common divisor of n and 11.
11
Let l(y) = -45*y + 1488. Let h be l(32). Calculate the highest common divisor of h and 1884.
12
Let u(z) = -z**2 + 103*z - 842. Let p be u(9). What is the greatest common divisor of p and 1116?
4
Let k = -1561 - -1565. What is the highest common divisor of 320 and k?
4
Let j(w) = -20*w + 57. Let p be j(6). Let d = p + 87. What is the greatest common factor of d and 6?
6
Suppose 15*z = -f - 72, 3*z = f + z - 47. Let l = 5 + 1. What is the highest common factor of f and l?
3
Suppose 126 = c + 2*c. Let j be (-2)/(-3) + (-175)/(-210) + (-63)/(-42). Calculate the highest common factor of j and c.
3
Let j = 13277 - 10777. What is the greatest common divisor of 20 and j?
20
Let n(v) = v**3 - 26*v**2 + 185*v - 125. Let l be n(15). Let z = -330 - -470. Calculate the highest common factor of l and z.
35
Suppose -12*p + 66 = 10*p. Suppose -w + 3*a - 1 = -50, p*w = -5*a + 133. What is the greatest common factor of 2 and w?
2
Suppose 0 = -3*h - 5*f + 1193, h + 12*f = 8*f + 407. What is the greatest common factor of 989 and h?
23
Let o = 1681 - 1625. Suppose -4*r = -1 - 71. Let m = r + -11. What is the greatest common factor of o and m?
7
Suppose 29 - 33 = -d. Let n(p) = p**3 - 2*p**2 + 3*p + 12. Let j be n(d). What is the greatest common factor of j and 14?
14
Let w = 2031 + -1503. What is the greatest common factor of 363 and w?
33
Suppose -35 = -3*y - 2*y. Let q be 1*(15 + -14)*-7*-1. What is the greatest common factor of q and y?
7
Suppose -2365 = -2*m - 3*m. Suppose -2*p = -10, -2*u + 1293*p + 61 = 1288*p. Calculate the highest common divisor of m and u.
43
Let s(p) = -p**3 - 12*p**2 + 26*p + 21. Let n be s(-14). Let y = 47 + n. Let w be 1/(-5) - 81/(-5). What is the greatest common divisor of y and w?
16
Let m = 6554 + -6550. Calculate the greatest common divisor of m and 358.
2
Let r = 1293 + -1210. What is the greatest common factor of r and 7802?
83
Let y(o) = -4 - 8*o - 8 - 10 + 8. Let d be y(-3). What is the greatest common divisor of 1 and d?
1
Let t be (-54)/(-13) + 16/(-104). Suppose -t*v + 959 = -337. What is the greatest common factor of v and 12?
12
Let b = 115 - 167. Let t be 189*((-1)/6)/(13/b). What is the highest common divisor of 84 and t?
42
Let t = -64 + 128. Let c be -6 + 184 - (-5 + -9). Calculate the highest common divisor of t and c.
64
Suppose 5*d + j - 16785 = 0, -54*d - j + 6711 = -52*d. What is the highest common divisor of d and 92?
46
Let k(u) = 2*u**2 - 22*u - 17. Let t be k(12). Let i(w) = w**2 + 9*w + 6. Let m be i(-9). Suppose m*a - a = 245. What is the greatest common factor of t and a?
7
Let p be (-33)/(-18) - 7/(-42) - -3. Suppose -4*n + 85 = 3*r + 4, p*r + n = 135. What is the greatest common divisor of 72 and r?
9
Let a be 126/28 - (-3)/2. Suppose 165 = a*g + 81. What is the greatest common factor of g and 3?
1
Let h = -5423 - -10419. What is the highest common divisor of h and 4?
4
Let t be (-78 - -14)/4 - -146. What is the greatest common divisor of 962 and t?
26
Suppose -28*l - 2*l + 12846 = -6684. Calculate the highest common factor of 21 and l.
21
Suppose -4*k + 3*u = -0*k - 23, 4*u + 14 = -3*k. Suppose -k*h - 105 = 423. Let s = -159 - h. Calculate the highest common factor of 21 and s.
21
Suppose -158 = -5*d + 2*x - 6*x, -142 = -4*d + 2*x. Let u = -32 + d. Suppose 0 = -2*n - u*t + 332, t - 5 = -4*t. What is the highest common divisor of n and 15?
15
Suppose -3*q - 2*i + 93 = 0, -5*q - 156 = -10*q - 3*i. Let j be (-6)/q*1 - (-54640)/440. Calculate the highest common factor of 93 and j.
31
Let h(u) = -113 - 192 + 68 - 68*u. Let c be h(-6). Calculate the highest common factor of 9 and c.
9
Let w = -2776 - -2822. What is the greatest common factor of 26 and w?
2
Let u(f) = -7*f + 87. Let r be u(11). Suppose -10 - r = -10*g. Calculate the highest common factor of 10 and g.
2
Let x(h) = 85*h**2 + 132*h + 670. Let k be x(-5). Calculate the highest common divisor of 5185 and k.
305
Let v(o) = 5*o**2 + 82*o - 849. Let q be v(8). Calculate the greatest common divisor of q and 2.
1
Let h(c) = 20*c**3 - c + 2. Let w be h(2). Suppose -9*z = -z - w. Suppose -9*n + 68 = -202. What is the highest common factor of z and n?
10
Let r(v) = 3146*v + 3155. Let b be r(-1). What is the highest common divisor of b and 16920?
9
Let z = 51 - 55. Let m be 48/(-15)*(z + 99). Let j = 436 + m. What is the greatest common factor of j and 22?
22
Let u be (-99)/(-6) + (-3)/(-6) + -1. Suppose -16*l - u = -12*l. Let j be ((-2)/(-4))/(l/(-992)). What is the greatest common factor of j and 31?
31
Let k be (-11)/(33/(-113)) + (-15)/9. What is the highest common divisor of 20832 and k?
12
Let o(y) = -y**2 + 8*y + 3. Let q be o(7). Let h = -13596 + 13616. What is the highest common factor of q and h?
10
Let y(j) = -j**3 - j**2 + j + 987. Let o be y(0). Calculate the highest common factor of 141 and o.
141
Suppose c - 29 = a, 3*c - 4*a = 6*c - 52. Suppose -c*j + 48 = -18*j. What is the greatest common factor of 28 and j?
4
Let u(g) = -g**3 + 24*g**2 - 138*g + 15. Let t be u(13). Calculate the highest common factor of 515 and t.
5
Let s = -267 + 482. Let q be -13 + 8 + 29 + 19. What is the highest common divisor of q and s?
43
Let q = 318 - 134. Suppose -53 = 5*w - 4*j - q, -j = w - 28. Suppose -2*c + 506 = 182. What is the greatest common factor of c and w?
27
Let a = -3135 + 3149. Let r be 84/(-9)*87/(-2). What is the highest common factor of r and a?
14
Suppose -3*a + 87 = -3*l, 4*a + 48 = 6*a + 3*l. What is the highest common divisor of a and 9261?
27
Suppose -2*k + 18 = 0, 1381*p - 2*k = 1377*p + 398. What is the greatest common factor of 14456 and p?
104
Suppose -4*h = 2*r - 64, 5*r + 20*h - 17*h - 132 = 0. Suppose -4*a + r + 244 = 2*l, 0 = 3*l + a - 377. What is the highest common divisor of 31 and l?
31
Suppose -54 = -2*i + 3*d, 0 = -5*i - 5*d + 105 + 5. Suppose 11*u - i*u = -78. Let b = 35 + 1. Calculate the highest common factor of b and u.
6
Let a = 77 - 72. Let h(i) = -2*i**2 + 11*i + 9. Let x be h(a). Let z be 75/20*(x/3 - -2). What is the greatest common factor of 5 and z?
5
Let b(g) = 178*g - 382. Let i be b(36). Calculate the greatest common divisor of i and 46.
46
Suppose -3*q + 8*q = -4*a + 49, 5*a = -2*q + 6. Let l = -13943 - -13944. Calculate the highest common divisor of q and l.
1
Suppose -19*z - 1777 = 997. Let j = -138 - z. What is the highest c